1
What is the hundred thousands digit of 1039849?
0
What is the tens digit of 1057328?
2
What is the hundred thousands digit of 3856199?
8
What is the thousands digit of 530030?
0
What is the hundred thousands digit of 16825178?
8
What is the hundred thousands digit of 970052?
9
What is the ten thousands digit of 2022984?
2
What is the tens digit of 417834?
3
What is the units digit of 42666?
6
What is the hundreds digit of 1152088?
0
What is the units digit of 2018472?
2
What is the ten millions digit of 20333874?
2
What is the ten thousands digit of 628494?
2
What is the hundred thousands digit of 1195831?
1
What is the hundred thousands digit of 215018?
2
What is the millions digit of 6203285?
6
What is the hundreds digit of 2457081?
0
What is the hundreds digit of 1203314?
3
What is the units digit of 3574463?
3
What is the units digit of 475314?
4
What is the hundred thousands digit of 1263361?
2
What is the millions digit of 1367250?
1
What is the hundred thousands digit of 217828?
2
What is the units digit of 910232?
2
What is the ten thousands digit of 301925?
0
What is the thousands digit of 3046087?
6
What is the thousands digit of 19403948?
3
What is the tens digit of 9695?
9
What is the hundred thousands digit of 8384109?
3
What is the thousands digit of 166881?
6
What is the hundred thousands digit of 970421?
9
What is the hundreds digit of 1475003?
0
What is the millions digit of 1950118?
1
What is the tens digit of 131131?
3
What is the units digit of 2022189?
9
What is the ten thousands digit of 1260888?
6
What is the tens digit of 210692?
9
What is the hundreds digit of 374229?
2
What is the tens digit of 761138?
3
What is the tens digit of 1844352?
5
What is the ten thousands digit of 2128234?
2
What is the ten thousands digit of 3003704?
0
What is the tens digit of 5239682?
8
What is the thousands digit of 235495?
5
What is the hundred thousands digit of 24109313?
1
What is the hundreds digit of 1321703?
7
What is the hundreds digit of 1191965?
9
What is the ten millions digit of 28741150?
2
What is the hundreds digit of 2746765?
7
What is the tens digit of 45701?
0
What is the units digit of 213715?
5
What is the units digit of 10944701?
1
What is the thousands digit of 581158?
1
What is the hundreds digit of 114706?
7
What is the ten thousands digit of 622812?
2
What is the hundred thousands digit of 7419551?
4
What is the hundred thousands digit of 1041443?
0
What is the units digit of 1418270?
0
What is the ten thousands digit of 330961?
3
What is the units digit of 20043391?
1
What is the ten thousands digit of 2628105?
2
What is the hundreds digit of 431665?
6
What is the ten thousands digit of 158402?
5
What is the units digit of 551650?
0
What is the ten thousands digit of 1291216?
9
What is the thousands digit of 692361?
2
What is the tens digit of 7300998?
9
What is the hundreds digit of 1877072?
0
What is the ten thousands digit of 1485205?
8
What is the hundred thousands digit of 1331132?
3
What is the millions digit of 1673289?
1
What is the thousands digit of 1004417?
4
What is the hundred thousands digit of 640750?
6
What is the hundred thousands digit of 441181?
4
What is the hundred thousands digit of 458832?
4
What is the hundred thousands digit of 2416583?
4
What is the units digit of 232463?
3
What is the tens digit of 810864?
6
What is the units digit of 761153?
3
What is the hundred thousands digit of 188983?
1
What is the units digit of 4228307?
7
What is the ten thousands digit of 13325125?
2
What is the units digit of 160182?
2
What is the hundreds digit of 4605523?
5
What is the hundred thousands digit of 160095?
1
What is the thousands digit of 10797432?
7
What is the units digit of 28095962?
2
What is the hundred thousands digit of 164492?
1
What is the hundreds digit of 1169317?
3
What is the ten thousands digit of 5261942?
6
What is the units digit of 15753139?
9
What is the hundreds digit of 167772?
7
What is the units digit of 2334844?
4
What is the hundreds digit of 621554?
5
What is the hundred thousands digit of 7964990?
9
What is the units digit of 364279?
9
What is the tens digit of 605383?
8
What is the hundreds digit of 26713114?
1
What is the thousands digit of 156566?
6
What is the hundreds digit of 1064957?
9
What is the units digit of 263636?
6
What is the ten millions digit of 37773354?
3
What is the hundreds digit of 375360?
3
What is the tens digit of 547132?
3
What is the thousands digit of 382964?
2
What is the ten thousands digit of 30579104?
7
What is the ten thousands digit of 2830409?
3
What is the tens digit of 293200?
0
What is the units digit of 1698488?
8
What is the hundred thousands digit of 1541307?
5
What is the thousands digit of 481886?
1
What is the thousands digit of 12493895?
3
What is the hundreds digit of 726958?
9
What is the millions digit of 2501508?
2
What is the ten thousands digit of 3959522?
5
What is the tens digit of 77469?
6
What is the thousands digit of 2761584?
1
What is the units digit of 128979?
9
What is the thousands digit of 7120662?
0
What is the ten thousands digit of 205730?
0
What is the units digit of 5109083?
3
What is the hundred thousands digit of 850083?
8
What is the thousands digit of 526190?
6
What is the hundred thousands digit of 2611184?
6
What is the tens digit of 2192074?
7
What is the hundreds digit of 830295?
2
What is the tens digit of 158175?
7
What is the hundreds digit of 13147?
1
What is the tens digit of 2117944?
4
What is the ten thousands digit of 147743?
4
What is the tens digit of 3550728?
2
What is the hundred thousands digit of 2090307?
0
What is the hundreds digit of 914324?
3
What is the ten thousands digit of 868157?
6
What is the thousands digit of 25202?
5
What is the thousands digit of 44158061?
8
What is the hundreds digit of 4962414?
4
What is the thousands digit of 676621?
6
What is the units digit of 28968543?
3
What is the ten thousands digit of 158650?
5
What is the ten thousands digit of 1374442?
7
What is the thousands digit of 2582405?
2
What is the hundred thousands digit of 151474?
1
What is the units digit of 8230966?
6
What is the hundred thousands digit of 507615?
5
What is the thousands digit of 439153?
9
What is the tens digit of 7661166?
6
What is the tens digit of 6103150?
5
What is the hundreds digit of 7873?
8
What is the units digit of 142879?
9
What is the hundred thousands digit of 164300?
1
What is the ten thousands digit of 437481?
3
What is the ten thousands digit of 807654?
0
What is the thousands digit of 614529?
4
What is the ten thousands digit of 2262496?
6
What is the units digit of 88373?
3
What is the units digit of 127859?
9
What is the ten thousands digit of 134392?
3
What is the hundreds digit of 524655?
6
What is the thousands digit of 20127390?
7
What is the ten thousands digit of 2992796?
9
What is the hundreds digit of 9541643?
6
What is the millions digit of 1126569?
1
What is the tens digit of 324990?
9
What is the ten thousands digit of 236292?
3
What is the hundreds digit of 2948992?
9
What is the tens digit of 271169?
6
What is the hundreds digit of 1060916?
9
What is the ten thousands digit of 32424766?
2
What is the units digit of 3038200?
0
What is the hundred thousands digit of 534677?
5
What is the hundred thousands digit of 788050?
7
What is the units digit of 1185394?
4
What is the millions digit of 1121278?
1
What is the tens digit of 12380957?
5
What is the thousands digit of 1179207?
9
What is the thousands digit of 189759?
9
What is the thousands digit of 5910651?
0
What is the millions digit of 33395278?
3
What is the hundred thousands digit of 1457598?
4
What is the thousands digit of 1544695?
4
What is the millions digit of 2039674?
2
What is the hundreds digit of 2278876?
8
What is the thousands digit of 229375?
9
What is the thousands digit of 2927956?
7
What is the ten millions digit of 10374961?
1
What is the units digit of 18975412?
2
What is the ten millions digit of 26537999?
2
What is the units digit of 217550?
0
What is the millions digit of 3523434?
3
What is the hundreds digit of 20311428?
4
What is the hundred thousands digit of 4734321?
7
What is the thousands digit of 1291045?
1
What is the thousands digit of 164017?
4
What is 